[INFO] cloning repository https://github.com/zokier/detaser
[INFO] running `Command { std: "git" "-c" "credential.helper=" "-c" "credential.helper=/workspace/cargo-home/bin/git-credential-null" "clone" "--bare" "https://github.com/zokier/detaser" "/workspace/cache/git-repos/https%3A%2F%2Fgithub.com%2Fzokier%2Fdetaser", kill_on_drop: false }`
[INFO] [stderr] Cloning into bare repository '/workspace/cache/git-repos/https%3A%2F%2Fgithub.com%2Fzokier%2Fdetaser'...
[INFO] running `Command { std: "git" "rev-parse" "HEAD", kill_on_drop: false }`
[INFO] [stdout] 9c52beeab1477d334f536f69645d999d6d9203d8
[INFO] building zokier/detaser against master#881c1ac408d93bb7adaa3a51dabab9266e82eee8 for issue-85264
[INFO] running `Command { std: "git" "clone" "/workspace/cache/git-repos/https%3A%2F%2Fgithub.com%2Fzokier%2Fdetaser" "/workspace/builds/worker-2/source", kill_on_drop: false }`
[INFO] [stderr] Cloning into '/workspace/builds/worker-2/source'...
[INFO] [stderr] done.
[INFO] validating manifest of git repo https://github.com/zokier/detaser on toolchain 881c1ac408d93bb7adaa3a51dabab9266e82eee8
[INFO] running `Command { std: "/workspace/cargo-home/bin/cargo" "+881c1ac408d93bb7adaa3a51dabab9266e82eee8" "metadata" "--manifest-path" "Cargo.toml" "--no-deps", kill_on_drop: false }`
[INFO] started tweaking git repo https://github.com/zokier/detaser
[INFO] finished tweaking git repo https://github.com/zokier/detaser
[INFO] tweaked toml for git repo https://github.com/zokier/detaser written to /workspace/builds/worker-2/source/Cargo.toml
[INFO] crate git repo https://github.com/zokier/detaser already has a lockfile, it will not be regenerated
[INFO] running `Command { std: "/workspace/cargo-home/bin/cargo" "+881c1ac408d93bb7adaa3a51dabab9266e82eee8" "fetch" "--manifest-path" "Cargo.toml", kill_on_drop: false }`
[INFO] [stderr]     Updating git repository `https://github.com/mahkoh/comm.git`
[INFO] [stderr]  Downloading crates ...
[INFO] [stderr]   Downloaded nom v0.4.0
[INFO] running `Command { std: "docker" "create" "-v" "/var/lib/crater-agent-workspace/builds/worker-2/target:/opt/rustwide/target:rw,Z" "-v" "/var/lib/crater-agent-workspace/builds/worker-2/source:/opt/rustwide/workdir:ro,Z" "-v" "/var/lib/crater-agent-workspace/cargo-home:/opt/rustwide/cargo-home:ro,Z" "-v" "/var/lib/crater-agent-workspace/rustup-home:/opt/rustwide/rustup-home:ro,Z" "-e" "SOURCE_DIR=/opt/rustwide/workdir" "-e" "CARGO_TARGET_DIR=/opt/rustwide/target" "-e" "CARGO_HOME=/opt/rustwide/cargo-home" "-e" "RUSTUP_HOME=/opt/rustwide/rustup-home" "-w" "/opt/rustwide/workdir" "-m" "1610612736" "--user" "0:0" "--network" "none" "ghcr.io/rust-lang/crates-build-env/linux@sha256:20528e8c29e4536546f0102ce88568b16ea7538393a33fcca951030f7af10457" "/opt/rustwide/cargo-home/bin/cargo" "+881c1ac408d93bb7adaa3a51dabab9266e82eee8" "metadata" "--no-deps" "--format-version=1", kill_on_drop: false }`
[INFO] [stderr] WARNING: Your kernel does not support swap limit capabilities or the cgroup is not mounted. Memory limited without swap.
[INFO] [stdout] fa58581745805447af65fa7b8dd8616db6effdbe6140e9bd9ebb27850495c87d
[INFO] running `Command { std: "docker" "start" "-a" "fa58581745805447af65fa7b8dd8616db6effdbe6140e9bd9ebb27850495c87d", kill_on_drop: false }`
[INFO] running `Command { std: "docker" "inspect" "fa58581745805447af65fa7b8dd8616db6effdbe6140e9bd9ebb27850495c87d", kill_on_drop: false }`
[INFO] running `Command { std: "docker" "rm" "-f" "fa58581745805447af65fa7b8dd8616db6effdbe6140e9bd9ebb27850495c87d", kill_on_drop: false }`
[INFO] [stdout] fa58581745805447af65fa7b8dd8616db6effdbe6140e9bd9ebb27850495c87d
[INFO] running `Command { std: "docker" "create" "-v" "/var/lib/crater-agent-workspace/builds/worker-2/target:/opt/rustwide/target:rw,Z" "-v" "/var/lib/crater-agent-workspace/builds/worker-2/source:/opt/rustwide/workdir:ro,Z" "-v" "/var/lib/crater-agent-workspace/cargo-home:/opt/rustwide/cargo-home:ro,Z" "-v" "/var/lib/crater-agent-workspace/rustup-home:/opt/rustwide/rustup-home:ro,Z" "-e" "SOURCE_DIR=/opt/rustwide/workdir" "-e" "CARGO_TARGET_DIR=/opt/rustwide/target" "-e" "CARGO_INCREMENTAL=0" "-e" "RUST_BACKTRACE=full" "-e" "RUSTFLAGS=--cap-lints=forbid" "-e" "CARGO_HOME=/opt/rustwide/cargo-home" "-e" "RUSTUP_HOME=/opt/rustwide/rustup-home" "-w" "/opt/rustwide/workdir" "-m" "1610612736" "--user" "0:0" "--network" "none" "ghcr.io/rust-lang/crates-build-env/linux@sha256:20528e8c29e4536546f0102ce88568b16ea7538393a33fcca951030f7af10457" "/opt/rustwide/cargo-home/bin/cargo" "+881c1ac408d93bb7adaa3a51dabab9266e82eee8" "build" "--frozen" "--message-format=json", kill_on_drop: false }`
[INFO] [stdout] d14a221a09e12cbfdc8d7372d531b3e5781a3dad18b4b5eb928edb0a0ff3e92a
[INFO] [stderr] WARNING: Your kernel does not support swap limit capabilities or the cgroup is not mounted. Memory limited without swap.
[INFO] running `Command { std: "docker" "start" "-a" "d14a221a09e12cbfdc8d7372d531b3e5781a3dad18b4b5eb928edb0a0ff3e92a", kill_on_drop: false }`
[INFO] [stderr]    Compiling comm v0.0.1 (https://github.com/mahkoh/comm.git#a7b96032)
[INFO] [stderr]    Compiling nom v0.4.0
[INFO] [stdout] error[E0557]: feature has been removed
[INFO] [stdout]  --> /opt/rustwide/cargo-home/git/checkouts/comm-dadbb27167cc9074/a7b9603/src/lib.rs:4:12
[INFO] [stdout]   |
[INFO] [stdout] 4 |            unsafe_no_drop_flag, filling_drop, wait_timeout, wait_timeout_with,
[INFO] [stdout]   |            ^^^^^^^^^^^^^^^^^^^ feature has been removed
[INFO] [stdout] 
[INFO] [stdout] 
[INFO] [stdout] error[E0432]: unresolved import `core::nonzero`
[INFO] [stdout]   --> /opt/rustwide/cargo-home/git/checkouts/comm-dadbb27167cc9074/a7b9603/src/arc.rs:39:11
[INFO] [stdout]    |
[INFO] [stdout] 39 | use core::nonzero::{NonZero};
[INFO] [stdout]    |           ^^^^^^^ could not find `nonzero` in `core`
[INFO] [stdout] 
[INFO] [stdout] 
[INFO] [stdout] error[E0432]: unresolved import `alloc::heap`
[INFO] [stdout]   --> /opt/rustwide/cargo-home/git/checkouts/comm-dadbb27167cc9074/a7b9603/src/arc.rs:41:12
[INFO] [stdout]    |
[INFO] [stdout] 41 | use alloc::heap::{deallocate};
[INFO] [stdout]    |            ^^^^ could not find `heap` in `alloc`
[INFO] [stdout] 
[INFO] [stdout] 
[INFO] [stdout] error[E0432]: unresolved imports `std::sync::StaticMutex`, `std::sync::MUTEX_INIT`
[INFO] [stdout]  --> /opt/rustwide/cargo-home/git/checkouts/comm-dadbb27167cc9074/a7b9603/src/spsc/one_space/imp.rs:4:17
[INFO] [stdout]   |
[INFO] [stdout] 4 | use std::sync::{StaticMutex, MUTEX_INIT};
[INFO] [stdout]   |                 ^^^^^^^^^^^  ^^^^^^^^^^ no `MUTEX_INIT` in `sync`
[INFO] [stdout]   |                 |
[INFO] [stdout]   |                 no `StaticMutex` in `sync`
[INFO] [stdout] 
[INFO] [stdout] 
[INFO] [stdout] error[E0432]: unresolved import `alloc::heap`
[INFO] [stdout]  --> /opt/rustwide/cargo-home/git/checkouts/comm-dadbb27167cc9074/a7b9603/src/spsc/bounded/imp.rs:7:12
[INFO] [stdout]   |
[INFO] [stdout] 7 | use alloc::heap::{allocate, deallocate};
[INFO] [stdout]   |            ^^^^ could not find `heap` in `alloc`
[INFO] [stdout] 
[INFO] [stdout] 
[INFO] [stdout] error[E0432]: unresolved import `alloc::oom`
[INFO] [stdout]   --> /opt/rustwide/cargo-home/git/checkouts/comm-dadbb27167cc9074/a7b9603/src/spsc/bounded/imp.rs:11:13
[INFO] [stdout]    |
[INFO] [stdout] 11 | use alloc::{oom};
[INFO] [stdout]    |             ^^^ no `oom` in the root
[INFO] [stdout] 
[INFO] [stdout] 
[INFO] [stdout] error[E0432]: unresolved import `alloc::heap`
[INFO] [stdout]  --> /opt/rustwide/cargo-home/git/checkouts/comm-dadbb27167cc9074/a7b9603/src/spsc/ring_buf/imp.rs:4:12
[INFO] [stdout]   |
[INFO] [stdout] 4 | use alloc::heap::{allocate, deallocate};
[INFO] [stdout]   |            ^^^^ could not find `heap` in `alloc`
[INFO] [stdout] 
[INFO] [stdout] 
[INFO] [stdout] error[E0432]: unresolved import `alloc::oom`
[INFO] [stdout]  --> /opt/rustwide/cargo-home/git/checkouts/comm-dadbb27167cc9074/a7b9603/src/spsc/ring_buf/imp.rs:8:13
[INFO] [stdout]   |
[INFO] [stdout] 8 | use alloc::{oom};
[INFO] [stdout]   |             ^^^ no `oom` in the root
[INFO] [stdout] 
[INFO] [stdout] 
[INFO] [stdout] error[E0432]: unresolved import `alloc::heap`
[INFO] [stdout]  --> /opt/rustwide/cargo-home/git/checkouts/comm-dadbb27167cc9074/a7b9603/src/spmc/bounded_fast/imp.rs:5:12
[INFO] [stdout]   |
[INFO] [stdout] 5 | use alloc::heap::{allocate, deallocate};
[INFO] [stdout]   |            ^^^^ could not find `heap` in `alloc`
[INFO] [stdout] 
[INFO] [stdout] 
[INFO] [stdout] error[E0432]: unresolved import `alloc::oom`
[INFO] [stdout]  --> /opt/rustwide/cargo-home/git/checkouts/comm-dadbb27167cc9074/a7b9603/src/spmc/bounded_fast/imp.rs:9:13
[INFO] [stdout]   |
[INFO] [stdout] 9 | use alloc::{oom};
[INFO] [stdout]   |             ^^^ no `oom` in the root
[INFO] [stdout] 
[INFO] [stdout] 
[INFO] [stdout] error[E0432]: unresolved import `alloc::heap`
[INFO] [stdout]  --> /opt/rustwide/cargo-home/git/checkouts/comm-dadbb27167cc9074/a7b9603/src/mpsc/bounded_fast/imp.rs:5:12
[INFO] [stdout]   |
[INFO] [stdout] 5 | use alloc::heap::{allocate, deallocate};
[INFO] [stdout]   |            ^^^^ could not find `heap` in `alloc`
[INFO] [stdout] 
[INFO] [stdout] 
[INFO] [stdout] error[E0432]: unresolved import `alloc::oom`
[INFO] [stdout]  --> /opt/rustwide/cargo-home/git/checkouts/comm-dadbb27167cc9074/a7b9603/src/mpsc/bounded_fast/imp.rs:9:13
[INFO] [stdout]   |
[INFO] [stdout] 9 | use alloc::{oom};
[INFO] [stdout]   |             ^^^ no `oom` in the root
[INFO] [stdout] 
[INFO] [stdout] 
[INFO] [stdout] error[E0432]: unresolved import `alloc::heap`
[INFO] [stdout]  --> /opt/rustwide/cargo-home/git/checkouts/comm-dadbb27167cc9074/a7b9603/src/mpmc/bounded/imp.rs:9:12
[INFO] [stdout]   |
[INFO] [stdout] 9 | use alloc::heap::{allocate, deallocate};
[INFO] [stdout]   |            ^^^^ could not find `heap` in `alloc`
[INFO] [stdout] 
[INFO] [stdout] 
[INFO] [stdout] error[E0432]: unresolved import `alloc::oom`
[INFO] [stdout]   --> /opt/rustwide/cargo-home/git/checkouts/comm-dadbb27167cc9074/a7b9603/src/mpmc/bounded/imp.rs:13:13
[INFO] [stdout]    |
[INFO] [stdout] 13 | use alloc::{oom};
[INFO] [stdout]    |             ^^^ no `oom` in the root
[INFO] [stdout] 
[INFO] [stdout] 
[INFO] [stdout] error: cannot find attribute `unsafe_no_drop_flag` in this scope
[INFO] [stdout]   --> /opt/rustwide/cargo-home/git/checkouts/comm-dadbb27167cc9074/a7b9603/src/arc.rs:47:3
[INFO] [stdout]    |
[INFO] [stdout] 47 | #[unsafe_no_drop_flag]
[INFO] [stdout]    |   ^^^^^^^^^^^^^^^^^^^
[INFO] [stdout] 
[INFO] [stdout] 
[INFO] [stdout] error: cannot find attribute `unsafe_no_drop_flag` in this scope
[INFO] [stdout]   --> /opt/rustwide/cargo-home/git/checkouts/comm-dadbb27167cc9074/a7b9603/src/arc.rs:55:3
[INFO] [stdout]    |
[INFO] [stdout] 55 | #[unsafe_no_drop_flag]
[INFO] [stdout]    |   ^^^^^^^^^^^^^^^^^^^
[INFO] [stdout] 
[INFO] [stdout] 
[INFO] [stdout] error: cannot find attribute `unsafe_no_drop_flag` in this scope
[INFO] [stdout]   --> /opt/rustwide/cargo-home/git/checkouts/comm-dadbb27167cc9074/a7b9603/src/arc.rs:64:3
[INFO] [stdout]    |
[INFO] [stdout] 64 | #[unsafe_no_drop_flag]
[INFO] [stdout]    |   ^^^^^^^^^^^^^^^^^^^
[INFO] [stdout] 
[INFO] [stdout] 
[INFO] [stdout] error: cannot find attribute `unsafe_no_drop_flag` in this scope
[INFO] [stdout]   --> /opt/rustwide/cargo-home/git/checkouts/comm-dadbb27167cc9074/a7b9603/src/arc.rs:84:3
[INFO] [stdout]    |
[INFO] [stdout] 84 | #[unsafe_no_drop_flag]
[INFO] [stdout]    |   ^^^^^^^^^^^^^^^^^^^
[INFO] [stdout] 
[INFO] [stdout] 
[INFO] [stdout] error[E0425]: cannot find value `POST_DROP_USIZE` in module `mem`
[INFO] [stdout]    --> /opt/rustwide/cargo-home/git/checkouts/comm-dadbb27167cc9074/a7b9603/src/arc.rs:215:50
[INFO] [stdout]     |
[INFO] [stdout] 215 |         if ptr.is_null() || ptr as usize == mem::POST_DROP_USIZE { return }
[INFO] [stdout]     |                                                  ^^^^^^^^^^^^^^^ not found in `mem`
[INFO] [stdout] 
[INFO] [stdout] 
[INFO] [stdout] error[E0425]: cannot find value `POST_DROP_USIZE` in module `mem`
[INFO] [stdout]    --> /opt/rustwide/cargo-home/git/checkouts/comm-dadbb27167cc9074/a7b9603/src/arc.rs:287:50
[INFO] [stdout]     |
[INFO] [stdout] 287 |         if ptr.is_null() || ptr as usize == mem::POST_DROP_USIZE { return }
[INFO] [stdout]     |                                                  ^^^^^^^^^^^^^^^ not found in `mem`
[INFO] [stdout] 
[INFO] [stdout] 
[INFO] [stdout] error[E0425]: cannot find value `POST_DROP_USIZE` in module `mem`
[INFO] [stdout]    --> /opt/rustwide/cargo-home/git/checkouts/comm-dadbb27167cc9074/a7b9603/src/arc.rs:374:50
[INFO] [stdout]     |
[INFO] [stdout] 374 |         if ptr.is_null() || ptr as usize == mem::POST_DROP_USIZE { return }
[INFO] [stdout]     |                                                  ^^^^^^^^^^^^^^^ not found in `mem`
[INFO] [stdout] 
[INFO] [stdout] 
[INFO] [stdout] error[E0425]: cannot find value `POST_DROP_USIZE` in module `mem`
[INFO] [stdout]    --> /opt/rustwide/cargo-home/git/checkouts/comm-dadbb27167cc9074/a7b9603/src/arc.rs:466:50
[INFO] [stdout]     |
[INFO] [stdout] 466 |         if ptr.is_null() || ptr as usize == mem::POST_DROP_USIZE { return }
[INFO] [stdout]     |                                                  ^^^^^^^^^^^^^^^ not found in `mem`
[INFO] [stdout] 
[INFO] [stdout] 
[INFO] [stdout] error[E0425]: cannot find value `BITS` in module `std::usize`
[INFO] [stdout]   --> /opt/rustwide/cargo-home/git/checkouts/comm-dadbb27167cc9074/a7b9603/src/mpmc/bounded/imp.rs:21:48
[INFO] [stdout]    |
[INFO] [stdout] 21 | const HALF_POINTER_BITS: usize = ::std::usize::BITS as usize / 2;
[INFO] [stdout]    |                                                ^^^^ not found in `std::usize`
[INFO] [stdout] 
[INFO] [stdout] 
[INFO] [stdout] error[E0392]: parameter `'a` is never used
[INFO] [stdout]   --> /opt/rustwide/cargo-home/git/checkouts/comm-dadbb27167cc9074/a7b9603/src/select/imp.rs:13:19
[INFO] [stdout]    |
[INFO] [stdout] 13 | pub struct Select<'a> {
[INFO] [stdout]    |                   ^^ unused parameter
[INFO] [stdout]    |
[INFO] [stdout]    = help: consider removing `'a`, referring to it in a field, or using a marker such as `PhantomData`
[INFO] [stdout] 
[INFO] [stdout] 
[INFO] [stdout] error[E0392]: parameter `'a` is never used
[INFO] [stdout]    --> /opt/rustwide/cargo-home/git/checkouts/comm-dadbb27167cc9074/a7b9603/src/select/imp.rs:242:22
[INFO] [stdout]     |
[INFO] [stdout] 242 | pub struct WaitQueue<'a> {
[INFO] [stdout]     |                      ^^ unused parameter
[INFO] [stdout]     |
[INFO] [stdout]     = help: consider removing `'a`, referring to it in a field, or using a marker such as `PhantomData`
[INFO] [stdout] 
[INFO] [stdout] 
[INFO] [stdout] error[E0392]: parameter `'a` is never used
[INFO] [stdout]    --> /opt/rustwide/cargo-home/git/checkouts/comm-dadbb27167cc9074/a7b9603/src/select/imp.rs:321:20
[INFO] [stdout]     |
[INFO] [stdout] 321 | pub struct Payload<'a> {
[INFO] [stdout]     |                    ^^ unused parameter
[INFO] [stdout]     |
[INFO] [stdout]     = help: consider removing `'a`, referring to it in a field, or using a marker such as `PhantomData`
[INFO] [stdout] 
[INFO] [stdout] 
[INFO] [stdout] error[E0392]: parameter `'a` is never used
[INFO] [stdout]   --> /opt/rustwide/cargo-home/git/checkouts/comm-dadbb27167cc9074/a7b9603/src/spsc/one_space/mod.rs:29:21
[INFO] [stdout]    |
[INFO] [stdout] 29 | pub struct Producer<'a, T: Sendable+'a> {
[INFO] [stdout]    |                     ^^ unused parameter
[INFO] [stdout]    |
[INFO] [stdout]    = help: consider removing `'a`, referring to it in a field, or using a marker such as `PhantomData`
[INFO] [stdout] 
[INFO] [stdout] 
[INFO] [stdout] error[E0392]: parameter `T` is never used
[INFO] [stdout]   --> /opt/rustwide/cargo-home/git/checkouts/comm-dadbb27167cc9074/a7b9603/src/spsc/one_space/mod.rs:29:25
[INFO] [stdout]    |
[INFO] [stdout] 29 | pub struct Producer<'a, T: Sendable+'a> {
[INFO] [stdout]    |                         ^ unused parameter
[INFO] [stdout]    |
[INFO] [stdout]    = help: consider removing `T`, referring to it in a field, or using a marker such as `PhantomData`
[INFO] [stdout]    = help: if you intended `T` to be a const parameter, use `const T: usize` instead
[INFO] [stdout] 
[INFO] [stdout] 
[INFO] [stdout] error[E0392]: parameter `'a` is never used
[INFO] [stdout]   --> /opt/rustwide/cargo-home/git/checkouts/comm-dadbb27167cc9074/a7b9603/src/spsc/one_space/mod.rs:54:21
[INFO] [stdout]    |
[INFO] [stdout] 54 | pub struct Consumer<'a, T: Sendable+'a> {
[INFO] [stdout]    |                     ^^ unused parameter
[INFO] [stdout]    |
[INFO] [stdout]    = help: consider removing `'a`, referring to it in a field, or using a marker such as `PhantomData`
[INFO] [stdout] 
[INFO] [stdout] 
[INFO] [stdout] error[E0392]: parameter `T` is never used
[INFO] [stdout]   --> /opt/rustwide/cargo-home/git/checkouts/comm-dadbb27167cc9074/a7b9603/src/spsc/one_space/mod.rs:54:25
[INFO] [stdout]    |
[INFO] [stdout] 54 | pub struct Consumer<'a, T: Sendable+'a> {
[INFO] [stdout]    |                         ^ unused parameter
[INFO] [stdout]    |
[INFO] [stdout]    = help: consider removing `T`, referring to it in a field, or using a marker such as `PhantomData`
[INFO] [stdout]    = help: if you intended `T` to be a const parameter, use `const T: usize` instead
[INFO] [stdout] 
[INFO] [stdout] 
[INFO] [stdout] error[E0392]: parameter `'a` is never used
[INFO] [stdout]   --> /opt/rustwide/cargo-home/git/checkouts/comm-dadbb27167cc9074/a7b9603/src/spsc/bounded/mod.rs:23:21
[INFO] [stdout]    |
[INFO] [stdout] 23 | pub struct Producer<'a, T: Sendable+'a> {
[INFO] [stdout]    |                     ^^ unused parameter
[INFO] [stdout]    |
[INFO] [stdout]    = help: consider removing `'a`, referring to it in a field, or using a marker such as `PhantomData`
[INFO] [stdout] 
[INFO] [stdout] 
[INFO] [stdout] error[E0392]: parameter `T` is never used
[INFO] [stdout]   --> /opt/rustwide/cargo-home/git/checkouts/comm-dadbb27167cc9074/a7b9603/src/spsc/bounded/mod.rs:23:25
[INFO] [stdout]    |
[INFO] [stdout] 23 | pub struct Producer<'a, T: Sendable+'a> {
[INFO] [stdout]    |                         ^ unused parameter
[INFO] [stdout]    |
[INFO] [stdout]    = help: consider removing `T`, referring to it in a field, or using a marker such as `PhantomData`
[INFO] [stdout]    = help: if you intended `T` to be a const parameter, use `const T: usize` instead
[INFO] [stdout] 
[INFO] [stdout] 
[INFO] [stdout] error[E0392]: parameter `'a` is never used
[INFO] [stdout]   --> /opt/rustwide/cargo-home/git/checkouts/comm-dadbb27167cc9074/a7b9603/src/spsc/bounded/mod.rs:57:21
[INFO] [stdout]    |
[INFO] [stdout] 57 | pub struct Consumer<'a, T: Sendable+'a> {
[INFO] [stdout]    |                     ^^ unused parameter
[INFO] [stdout]    |
[INFO] [stdout]    = help: consider removing `'a`, referring to it in a field, or using a marker such as `PhantomData`
[INFO] [stdout] 
[INFO] [stdout] 
[INFO] [stdout] error[E0392]: parameter `T` is never used
[INFO] [stdout]   --> /opt/rustwide/cargo-home/git/checkouts/comm-dadbb27167cc9074/a7b9603/src/spsc/bounded/mod.rs:57:25
[INFO] [stdout]    |
[INFO] [stdout] 57 | pub struct Consumer<'a, T: Sendable+'a> {
[INFO] [stdout]    |                         ^ unused parameter
[INFO] [stdout]    |
[INFO] [stdout]    = help: consider removing `T`, referring to it in a field, or using a marker such as `PhantomData`
[INFO] [stdout]    = help: if you intended `T` to be a const parameter, use `const T: usize` instead
[INFO] [stdout] 
[INFO] [stdout] 
[INFO] [stdout] error[E0392]: parameter `'a` is never used
[INFO] [stdout]   --> /opt/rustwide/cargo-home/git/checkouts/comm-dadbb27167cc9074/a7b9603/src/spsc/ring_buf/mod.rs:29:21
[INFO] [stdout]    |
[INFO] [stdout] 29 | pub struct Producer<'a, T: Sendable+'a> {
[INFO] [stdout]    |                     ^^ unused parameter
[INFO] [stdout]    |
[INFO] [stdout]    = help: consider removing `'a`, referring to it in a field, or using a marker such as `PhantomData`
[INFO] [stdout] 
[INFO] [stdout] 
[INFO] [stdout] error[E0392]: parameter `T` is never used
[INFO] [stdout]   --> /opt/rustwide/cargo-home/git/checkouts/comm-dadbb27167cc9074/a7b9603/src/spsc/ring_buf/mod.rs:29:25
[INFO] [stdout]    |
[INFO] [stdout] 29 | pub struct Producer<'a, T: Sendable+'a> {
[INFO] [stdout]    |                         ^ unused parameter
[INFO] [stdout]    |
[INFO] [stdout]    = help: consider removing `T`, referring to it in a field, or using a marker such as `PhantomData`
[INFO] [stdout]    = help: if you intended `T` to be a const parameter, use `const T: usize` instead
[INFO] [stdout] 
[INFO] [stdout] 
[INFO] [stdout] error[E0392]: parameter `'a` is never used
[INFO] [stdout]   --> /opt/rustwide/cargo-home/git/checkouts/comm-dadbb27167cc9074/a7b9603/src/spsc/ring_buf/mod.rs:53:21
[INFO] [stdout]    |
[INFO] [stdout] 53 | pub struct Consumer<'a, T: Sendable+'a> {
[INFO] [stdout]    |                     ^^ unused parameter
[INFO] [stdout]    |
[INFO] [stdout]    = help: consider removing `'a`, referring to it in a field, or using a marker such as `PhantomData`
[INFO] [stdout] 
[INFO] [stdout] 
[INFO] [stdout] error[E0392]: parameter `T` is never used
[INFO] [stdout]   --> /opt/rustwide/cargo-home/git/checkouts/comm-dadbb27167cc9074/a7b9603/src/spsc/ring_buf/mod.rs:53:25
[INFO] [stdout]    |
[INFO] [stdout] 53 | pub struct Consumer<'a, T: Sendable+'a> {
[INFO] [stdout]    |                         ^ unused parameter
[INFO] [stdout]    |
[INFO] [stdout]    = help: consider removing `T`, referring to it in a field, or using a marker such as `PhantomData`
[INFO] [stdout]    = help: if you intended `T` to be a const parameter, use `const T: usize` instead
[INFO] [stdout] 
[INFO] [stdout] 
[INFO] [stdout] error[E0392]: parameter `'a` is never used
[INFO] [stdout]   --> /opt/rustwide/cargo-home/git/checkouts/comm-dadbb27167cc9074/a7b9603/src/spsc/unbounded/mod.rs:30:21
[INFO] [stdout]    |
[INFO] [stdout] 30 | pub struct Producer<'a, T: Sendable+'a> {
[INFO] [stdout]    |                     ^^ unused parameter
[INFO] [stdout]    |
[INFO] [stdout]    = help: consider removing `'a`, referring to it in a field, or using a marker such as `PhantomData`
[INFO] [stdout] 
[INFO] [stdout] 
[INFO] [stdout] error[E0392]: parameter `T` is never used
[INFO] [stdout]   --> /opt/rustwide/cargo-home/git/checkouts/comm-dadbb27167cc9074/a7b9603/src/spsc/unbounded/mod.rs:30:25
[INFO] [stdout]    |
[INFO] [stdout] 30 | pub struct Producer<'a, T: Sendable+'a> {
[INFO] [stdout]    |                         ^ unused parameter
[INFO] [stdout]    |
[INFO] [stdout]    = help: consider removing `T`, referring to it in a field, or using a marker such as `PhantomData`
[INFO] [stdout]    = help: if you intended `T` to be a const parameter, use `const T: usize` instead
[INFO] [stdout] 
[INFO] [stdout] 
[INFO] [stdout] error[E0392]: parameter `'a` is never used
[INFO] [stdout]   --> /opt/rustwide/cargo-home/git/checkouts/comm-dadbb27167cc9074/a7b9603/src/spsc/unbounded/mod.rs:54:21
[INFO] [stdout]    |
[INFO] [stdout] 54 | pub struct Consumer<'a, T: Sendable+'a> {
[INFO] [stdout]    |                     ^^ unused parameter
[INFO] [stdout]    |
[INFO] [stdout]    = help: consider removing `'a`, referring to it in a field, or using a marker such as `PhantomData`
[INFO] [stdout] 
[INFO] [stdout] 
[INFO] [stdout] error[E0392]: parameter `T` is never used
[INFO] [stdout]   --> /opt/rustwide/cargo-home/git/checkouts/comm-dadbb27167cc9074/a7b9603/src/spsc/unbounded/mod.rs:54:25
[INFO] [stdout]    |
[INFO] [stdout] 54 | pub struct Consumer<'a, T: Sendable+'a> {
[INFO] [stdout]    |                         ^ unused parameter
[INFO] [stdout]    |
[INFO] [stdout]    = help: consider removing `T`, referring to it in a field, or using a marker such as `PhantomData`
[INFO] [stdout]    = help: if you intended `T` to be a const parameter, use `const T: usize` instead
[INFO] [stdout] 
[INFO] [stdout] 
[INFO] [stdout] error[E0392]: parameter `'a` is never used
[INFO] [stdout]   --> /opt/rustwide/cargo-home/git/checkouts/comm-dadbb27167cc9074/a7b9603/src/spmc/unbounded/mod.rs:20:21
[INFO] [stdout]    |
[INFO] [stdout] 20 | pub struct Producer<'a, T: Sendable+'a> {
[INFO] [stdout]    |                     ^^ unused parameter
[INFO] [stdout]    |
[INFO] [stdout]    = help: consider removing `'a`, referring to it in a field, or using a marker such as `PhantomData`
[INFO] [stdout] 
[INFO] [stdout] 
[INFO] [stdout] error[E0392]: parameter `T` is never used
[INFO] [stdout]   --> /opt/rustwide/cargo-home/git/checkouts/comm-dadbb27167cc9074/a7b9603/src/spmc/unbounded/mod.rs:20:25
[INFO] [stdout]    |
[INFO] [stdout] 20 | pub struct Producer<'a, T: Sendable+'a> {
[INFO] [stdout]    |                         ^ unused parameter
[INFO] [stdout]    |
[INFO] [stdout]    = help: consider removing `T`, referring to it in a field, or using a marker such as `PhantomData`
[INFO] [stdout]    = help: if you intended `T` to be a const parameter, use `const T: usize` instead
[INFO] [stdout] 
[INFO] [stdout] 
[INFO] [stdout] error[E0392]: parameter `'a` is never used
[INFO] [stdout]   --> /opt/rustwide/cargo-home/git/checkouts/comm-dadbb27167cc9074/a7b9603/src/spmc/unbounded/mod.rs:44:21
[INFO] [stdout]    |
[INFO] [stdout] 44 | pub struct Consumer<'a, T: Sendable+'a> {
[INFO] [stdout]    |                     ^^ unused parameter
[INFO] [stdout]    |
[INFO] [stdout]    = help: consider removing `'a`, referring to it in a field, or using a marker such as `PhantomData`
[INFO] [stdout] 
[INFO] [stdout] 
[INFO] [stdout] error[E0392]: parameter `T` is never used
[INFO] [stdout]   --> /opt/rustwide/cargo-home/git/checkouts/comm-dadbb27167cc9074/a7b9603/src/spmc/unbounded/mod.rs:44:25
[INFO] [stdout]    |
[INFO] [stdout] 44 | pub struct Consumer<'a, T: Sendable+'a> {
[INFO] [stdout]    |                         ^ unused parameter
[INFO] [stdout]    |
[INFO] [stdout]    = help: consider removing `T`, referring to it in a field, or using a marker such as `PhantomData`
[INFO] [stdout]    = help: if you intended `T` to be a const parameter, use `const T: usize` instead
[INFO] [stdout] 
[INFO] [stdout] 
[INFO] [stdout] error[E0392]: parameter `'a` is never used
[INFO] [stdout]   --> /opt/rustwide/cargo-home/git/checkouts/comm-dadbb27167cc9074/a7b9603/src/spmc/bounded_fast/mod.rs:24:21
[INFO] [stdout]    |
[INFO] [stdout] 24 | pub struct Producer<'a, T: Sendable+'a> {
[INFO] [stdout]    |                     ^^ unused parameter
[INFO] [stdout]    |
[INFO] [stdout]    = help: consider removing `'a`, referring to it in a field, or using a marker such as `PhantomData`
[INFO] [stdout] 
[INFO] [stdout] 
[INFO] [stdout] error[E0392]: parameter `T` is never used
[INFO] [stdout]   --> /opt/rustwide/cargo-home/git/checkouts/comm-dadbb27167cc9074/a7b9603/src/spmc/bounded_fast/mod.rs:24:25
[INFO] [stdout]    |
[INFO] [stdout] 24 | pub struct Producer<'a, T: Sendable+'a> {
[INFO] [stdout]    |                         ^ unused parameter
[INFO] [stdout]    |
[INFO] [stdout]    = help: consider removing `T`, referring to it in a field, or using a marker such as `PhantomData`
[INFO] [stdout]    = help: if you intended `T` to be a const parameter, use `const T: usize` instead
[INFO] [stdout] 
[INFO] [stdout] 
[INFO] [stdout] error[E0392]: parameter `'a` is never used
[INFO] [stdout]   --> /opt/rustwide/cargo-home/git/checkouts/comm-dadbb27167cc9074/a7b9603/src/spmc/bounded_fast/mod.rs:58:21
[INFO] [stdout]    |
[INFO] [stdout] 58 | pub struct Consumer<'a, T: Sendable+'a> {
[INFO] [stdout]    |                     ^^ unused parameter
[INFO] [stdout]    |
[INFO] [stdout]    = help: consider removing `'a`, referring to it in a field, or using a marker such as `PhantomData`
[INFO] [stdout] 
[INFO] [stdout] 
[INFO] [stdout] error[E0392]: parameter `T` is never used
[INFO] [stdout]   --> /opt/rustwide/cargo-home/git/checkouts/comm-dadbb27167cc9074/a7b9603/src/spmc/bounded_fast/mod.rs:58:25
[INFO] [stdout]    |
[INFO] [stdout] 58 | pub struct Consumer<'a, T: Sendable+'a> {
[INFO] [stdout]    |                         ^ unused parameter
[INFO] [stdout]    |
[INFO] [stdout]    = help: consider removing `T`, referring to it in a field, or using a marker such as `PhantomData`
[INFO] [stdout]    = help: if you intended `T` to be a const parameter, use `const T: usize` instead
[INFO] [stdout] 
[INFO] [stdout] 
[INFO] [stdout] error[E0392]: parameter `'a` is never used
[INFO] [stdout]   --> /opt/rustwide/cargo-home/git/checkouts/comm-dadbb27167cc9074/a7b9603/src/mpsc/unbounded/mod.rs:21:21
[INFO] [stdout]    |
[INFO] [stdout] 21 | pub struct Producer<'a, T: Sendable+'a> {
[INFO] [stdout]    |                     ^^ unused parameter
[INFO] [stdout]    |
[INFO] [stdout]    = help: consider removing `'a`, referring to it in a field, or using a marker such as `PhantomData`
[INFO] [stdout] 
[INFO] [stdout] 
[INFO] [stdout] error[E0392]: parameter `T` is never used
[INFO] [stdout]   --> /opt/rustwide/cargo-home/git/checkouts/comm-dadbb27167cc9074/a7b9603/src/mpsc/unbounded/mod.rs:21:25
[INFO] [stdout]    |
[INFO] [stdout] 21 | pub struct Producer<'a, T: Sendable+'a> {
[INFO] [stdout]    |                         ^ unused parameter
[INFO] [stdout]    |
[INFO] [stdout]    = help: consider removing `T`, referring to it in a field, or using a marker such as `PhantomData`
[INFO] [stdout]    = help: if you intended `T` to be a const parameter, use `const T: usize` instead
[INFO] [stdout] 
[INFO] [stdout] 
[INFO] [stdout] error[E0392]: parameter `'a` is never used
[INFO] [stdout]   --> /opt/rustwide/cargo-home/git/checkouts/comm-dadbb27167cc9074/a7b9603/src/mpsc/unbounded/mod.rs:52:21
[INFO] [stdout]    |
[INFO] [stdout] 52 | pub struct Consumer<'a, T: Sendable+'a> {
[INFO] [stdout]    |                     ^^ unused parameter
[INFO] [stdout]    |
[INFO] [stdout]    = help: consider removing `'a`, referring to it in a field, or using a marker such as `PhantomData`
[INFO] [stdout] 
[INFO] [stdout] 
[INFO] [stdout] error[E0392]: parameter `T` is never used
[INFO] [stdout]   --> /opt/rustwide/cargo-home/git/checkouts/comm-dadbb27167cc9074/a7b9603/src/mpsc/unbounded/mod.rs:52:25
[INFO] [stdout]    |
[INFO] [stdout] 52 | pub struct Consumer<'a, T: Sendable+'a> {
[INFO] [stdout]    |                         ^ unused parameter
[INFO] [stdout]    |
[INFO] [stdout]    = help: consider removing `T`, referring to it in a field, or using a marker such as `PhantomData`
[INFO] [stdout]    = help: if you intended `T` to be a const parameter, use `const T: usize` instead
[INFO] [stdout] 
[INFO] [stdout] 
[INFO] [stdout] error[E0392]: parameter `'a` is never used
[INFO] [stdout]   --> /opt/rustwide/cargo-home/git/checkouts/comm-dadbb27167cc9074/a7b9603/src/mpsc/bounded_fast/mod.rs:24:21
[INFO] [stdout]    |
[INFO] [stdout] 24 | pub struct Producer<'a, T: Sendable+'a> {
[INFO] [stdout]    |                     ^^ unused parameter
[INFO] [stdout]    |
[INFO] [stdout]    = help: consider removing `'a`, referring to it in a field, or using a marker such as `PhantomData`
[INFO] [stdout] 
[INFO] [stdout] 
[INFO] [stdout] error[E0392]: parameter `T` is never used
[INFO] [stdout]   --> /opt/rustwide/cargo-home/git/checkouts/comm-dadbb27167cc9074/a7b9603/src/mpsc/bounded_fast/mod.rs:24:25
[INFO] [stdout]    |
[INFO] [stdout] 24 | pub struct Producer<'a, T: Sendable+'a> {
[INFO] [stdout]    |                         ^ unused parameter
[INFO] [stdout]    |
[INFO] [stdout]    = help: consider removing `T`, referring to it in a field, or using a marker such as `PhantomData`
[INFO] [stdout]    = help: if you intended `T` to be a const parameter, use `const T: usize` instead
[INFO] [stdout] 
[INFO] [stdout] 
[INFO] [stdout] error[E0392]: parameter `'a` is never used
[INFO] [stdout]   --> /opt/rustwide/cargo-home/git/checkouts/comm-dadbb27167cc9074/a7b9603/src/mpsc/bounded_fast/mod.rs:65:21
[INFO] [stdout]    |
[INFO] [stdout] 65 | pub struct Consumer<'a, T: Sendable+'a> {
[INFO] [stdout]    |                     ^^ unused parameter
[INFO] [stdout]    |
[INFO] [stdout]    = help: consider removing `'a`, referring to it in a field, or using a marker such as `PhantomData`
[INFO] [stdout] 
[INFO] [stdout] 
[INFO] [stdout] error[E0392]: parameter `T` is never used
[INFO] [stdout]   --> /opt/rustwide/cargo-home/git/checkouts/comm-dadbb27167cc9074/a7b9603/src/mpsc/bounded_fast/mod.rs:65:25
[INFO] [stdout]    |
[INFO] [stdout] 65 | pub struct Consumer<'a, T: Sendable+'a> {
[INFO] [stdout]    |                         ^ unused parameter
[INFO] [stdout]    |
[INFO] [stdout]    = help: consider removing `T`, referring to it in a field, or using a marker such as `PhantomData`
[INFO] [stdout]    = help: if you intended `T` to be a const parameter, use `const T: usize` instead
[INFO] [stdout] 
[INFO] [stdout] 
[INFO] [stdout] error[E0392]: parameter `'a` is never used
[INFO] [stdout]   --> /opt/rustwide/cargo-home/git/checkouts/comm-dadbb27167cc9074/a7b9603/src/mpmc/bounded/mod.rs:18:20
[INFO] [stdout]    |
[INFO] [stdout] 18 | pub struct Channel<'a, T: Sendable+'a> {
[INFO] [stdout]    |                    ^^ unused parameter
[INFO] [stdout]    |
[INFO] [stdout]    = help: consider removing `'a`, referring to it in a field, or using a marker such as `PhantomData`
[INFO] [stdout] 
[INFO] [stdout] 
[INFO] [stdout] error[E0392]: parameter `T` is never used
[INFO] [stdout]   --> /opt/rustwide/cargo-home/git/checkouts/comm-dadbb27167cc9074/a7b9603/src/mpmc/bounded/mod.rs:18:24
[INFO] [stdout]    |
[INFO] [stdout] 18 | pub struct Channel<'a, T: Sendable+'a> {
[INFO] [stdout]    |                        ^ unused parameter
[INFO] [stdout]    |
[INFO] [stdout]    = help: consider removing `T`, referring to it in a field, or using a marker such as `PhantomData`
[INFO] [stdout]    = help: if you intended `T` to be a const parameter, use `const T: usize` instead
[INFO] [stdout] 
[INFO] [stdout] 
[INFO] [stdout] error: aborting due to 60 previous errors
[INFO] [stdout] 
[INFO] [stdout] 
[INFO] [stdout] Some errors have detailed explanations: E0392, E0425, E0432, E0557.
[INFO] [stdout] 
[INFO] [stdout] For more information about an error, try `rustc --explain E0392`.
[INFO] [stdout] 
[INFO] [stderr] error: could not compile `comm`
[INFO] [stderr] 
[INFO] [stderr] To learn more, run the command again with --verbose.
[INFO] [stderr] warning: build failed, waiting for other jobs to finish...
[INFO] [stderr] error: build failed
[INFO] running `Command { std: "docker" "inspect" "d14a221a09e12cbfdc8d7372d531b3e5781a3dad18b4b5eb928edb0a0ff3e92a", kill_on_drop: false }`
[INFO] running `Command { std: "docker" "rm" "-f" "d14a221a09e12cbfdc8d7372d531b3e5781a3dad18b4b5eb928edb0a0ff3e92a", kill_on_drop: false }`
[INFO] [stdout] d14a221a09e12cbfdc8d7372d531b3e5781a3dad18b4b5eb928edb0a0ff3e92a
